212.
10
Calculate the remainder when 48139 is divided by 114.
31
Calculate the remainder when 345781 is divided by 79.
77
Calculate the remainder when 34354 is divided by 43.
40
Calculate the remainder when 46470 is divided by 80.
70
What is the remainder when 9340 is divided by 189?
79
Calculate the remainder when 67416 is divided by 9.
6
What is the remainder when 30584 is divided by 58?
18
Calculate the remainder when 24795 is divided by 264.
243
Calculate the remainder when 52528 is divided by 6.
4
Calculate the remainder when 12559 is divided by 2024.
415
What is the remainder when 28680 is divided by 325?
80
What is the remainder when 295 is divided by 26?
9
What is the remainder when 157 is divided by 45?
22
What is the remainder when 52247 is divided by 125?
122
What is the remainder when 2304 is divided by 143?
16
Calculate the remainder when 17449 is divided by 1246.
5
Calculate the remainder when 175475 is divided by 1610.
1595
What is the remainder when 54851 is divided by 561?
434
Calculate the remainder when 955556 is divided by 477770.
16
What is the remainder when 1470 is divided by 115?
90
What is the remainder when 1563 is divided by 740?
83
What is the remainder when 1909 is divided by 246?
187
Calculate the remainder when 999 is divided by 371.
257
What is the remainder when 1266 is divided by 278?
154
Calculate the remainder when 202911 is divided by 18446.
5
What is the remainder when 1846 is divided by 251?
89
What is the remainder when 175936 is divided by 426?
424
What is the remainder when 39832 is divided by 26?
0
Calculate the remainder when 91073 is divided by 129.
128
What is the remainder when 132327 is divided by 11026?
15
Calculate the remainder when 2117 is divided by 686.
59
What is the remainder when 7058 is divided by 47?
8
Calculate the remainder when 128734 is divided by 144.
142
Calculate the remainder when 921526 is divided by 6.
4
What is the remainder when 64085 is divided by 433?
1
What is the remainder when 25110 is divided by 33?
30
Calculate the remainder when 145512 is divided by 145485.
27
What is the remainder when 5681 is divided by 12?
5
Calculate the remainder when 1345 is divided by 563.
219
Calculate the remainder when 4869 is divided by 268.
45
Calculate the remainder when 12867 is divided by 22.
19
Calculate the remainder when 135540 is divided by 6160.
20
What is the remainder when 15804 is divided by 1053?
9
Calculate the remainder when 49914 is divided by 683.
55
Calculate the remainder when 108417 is divided by 1618.
11
Calculate the remainder when 273 is divided by 55.
53
Calculate the remainder when 42219 is divided by 527.
59
Calculate the remainder when 29318 is divided by 413.
408
Calculate the remainder when 63234 is divided by 527.
521
What is the remainder when 20026 is divided by 623?
90
Calculate the remainder when 20087 is divided by 150.
137
What is the remainder when 66676 is divided by 17?
2
What is the remainder when 78761 is divided by 78749?
12
Calculate the remainder when 9166 is divided by 1505.
136
What is the remainder when 54990 is divided by 60?
30
What is the remainder when 94559 is divided by 31515?
14
Calculate the remainder when 1954 is divided by 1927.
27
Calculate the remainder when 616901 is divided by 36.
5
Calculate the remainder when 12789 is divided by 79.
70
What is the remainder when 21879 is divided by 308?
11
What is the remainder when 36941 is divided by 26?
21
What is the remainder when 16008 is divided by 5323?
39
What is the remainder when 60986 is divided by 251?
244
What is the remainder when 310239 is divided by 641?
636
Calculate the remainder when 436 is divided by 61.
9
Calculate the remainder when 142369 is divided by 1873.
21
Calculate the remainder when 1574 is divided by 66.
56
Calculate the remainder when 7504 is divided by 34.
24
Calculate the remainder when 22940 is divided by 1227.
854
Calculate the remainder when 7564 is divided by 3732.
100
What is the remainder when 78339 is divided by 637?
625
What is the remainder when 25688 is divided by 34?
18
What is the remainder when 6811088 is divided by 110?
108
What is the remainder when 5599 is divided by 266?
13
Calculate the remainder when 2804 is divided by 2435.
369
Calculate the remainder when 74103 is divided by 975.
3
Calculate the remainder when 196206 is divided by 27.
24
What is the remainder when 3231 is divided by 141?
129
Calculate the remainder when 34184 is divided by 389.
341
Calculate the remainder when 639590 is divided by 248.
246
What is the remainder when 7623 is divided by 300?
123
Calculate the remainder when 1837 is divided by 20.
17
What is the remainder when 10615 is divided by 67?
29
Calculate the remainder when 49184 is divided by 1635.
134
Calculate the remainder when 17948 is divided by 34.
30
What is the remainder when 4514 is divided by 233?
87
Calculate the remainder when 20890 is divided by 125.
15
What is the remainder when 5322 is divided by 1375?
1197
Calculate the remainder when 157271 is divided by 122.
13
Calculate the remainder when 674110 is divided by 1065.
1030
Calculate the remainder when 2123 is divided by 9.
8
Calculate the remainder when 3758999 is divided by 210.
209
What is the remainder when 9114 is divided by 175?
14
Calculate the remainder when 21840 is divided by 3119.
7
What is the remainder when 174841 is divided by 1681?
17
What is the remainder when 16436 is divided by 499?
468
Calculate the remainder when 58989 is divided by 82.
31
What is the remainder when 22525 is divided by 804?
13
What is the remainder when 5051 is divided by 380?
111
What is the remainder when 65319 is divided by 382?
379
Calculate the remainder when 2294 is divided by 462.
446
Calculate the remainder when 1633724 is divided by 804.
800
What is the remainder when 556404 is divided by 37?
35
What is the remainder when 11362 is divided by 2259?
67
What is the remainder when 368 is divided by 222?
146
Calculate the remainder when 36801 is divided by 2827.
50
Calculate the remainder when 18563 is divided by 119.
118
What is the remainder when 115949 is divided by 1348?
21
What is the remainder when 3645 is divided by 461?
418
Calculate the remainder when 16377 is divided by 19.
18
What is the remainder when 418222 is divided by 258?
4
Calculate the remainder when 61631 is divided by 48.
47
Calculate the remainder when 2551 is divided by 466.
221
Calculate the remainder when 14365715 is divided by 409.
408
What is the remainder when 35411 is divided by 107?
101
What is the remainder when 594101 is divided by 3713?
21
What is the remainder when 30578 is divided by 53?
50
Calculate the remainder when 31602 is divided by 18.
12
What is the remainder when 1462296 is divided by 605?
11
What is the remainder when 2368 is divided by 281?
120
What is the remainder when 414640 is divided by 28?
16
Calculate the remainder when 581431 is divided by 790.
781
Calculate the remainder when 8551 is divided by 372.
367
What is the remainder when 120098 is divided by 329?
13
Calculate the remainder when 31190 is divided by 35.
5
What is the remainder when 34825 is divided by 78?
37
Calculate the remainder when 13342 is divided by 6.
4
What is the remainder when 960 is divided by 785?
175
Calculate the remainder when 878 is divided by 90.
68
What is the remainder when 304556 is divided by 11?
10
Calculate the remainder when 22201 is divided by 39.
10
What is the remainder when 9971 is divided by 712?
3
Calculate the remainder when 57667 is divided by 28.
15
Calculate the remainder when 124990 is divided by 143.
8
Calculate the remainder when 27382 is divided by 256.
246
Calculate the remainder when 7026 is divided by 2336.
18
What is the remainder when 2752 is divided by 174?
142
What is the remainder when 1122 is divided by 120?
42
What is the remainder when 7780 is divided by 2256?
1012
Calculate the remainder when 8592 is divided by 2572.
876
What is the remainder when 10463 is divided by 1743?
5
Calculate the remainder when 2074 is divided by 16.
10
What is the remainder when 6204 is divided by 1033?
6
What is the remainder when 177723 is divided by 37?
12
Calculate the remainder when 3197 is divided by 150.
47
Calculate the remainder when 9516 is divided by 41.
4
C